{"id":28,"date":"2016-10-20T22:16:15","date_gmt":"2016-10-20T20:16:15","guid":{"rendered":"http:\/\/192.168.0.6\/wordpress\/?page_id=28"},"modified":"2017-03-21T19:08:59","modified_gmt":"2017-03-21T18:08:59","slug":"letzte-aktivitaeten","status":"publish","type":"page","link":"http:\/\/notarzt-miesbach.spdns.de\/?page_id=28","title":{"rendered":"Leitbild"},"content":{"rendered":"<h1 style=\"text-align: center;\">&#8222;Ihre medizinische Versorgung liegt uns am Herzen&#8220;<\/h1>\n<p>&nbsp;<\/p>\n<h1 style=\"text-align: center;\"><\/h1>\n<h1 style=\"text-align: center;\">Das bedeutet f\u00fcr uns:<\/h1>\n<p>&nbsp;<\/p>\n<h3 style=\"text-align: center;\"><\/h3>\n<h3 style=\"text-align: center;\">Ihre Spende k\u00f6nnte jederzeit Ihnen selbst zu &#8222;Hilfe eilen&#8220;.<\/h3>\n<h3 style=\"text-align: center;\">100% Ihrer Beitr\u00e4ge und Spenden werden in den Projekten umgesetzt. Alle Aktiven des Vereins arbeiten kostenfrei.<\/h3>\n<h3><\/h3>\n<h3 style=\"text-align: center;\">Das Ziel unseres Vereins ist die medizinische Versorgung von uns B\u00fcrgern des Schlierach- \/ Leitzachtals in allen Bereichen der Menschenrettung zu verbessern.<\/h3>\n<h3><\/h3>\n<h3 style=\"text-align: center;\">Erreichen k\u00f6nnen wir die durch die Finanzierung der Ausstattung und Ausbildung \u00fcber das offizielle Ma\u00df hinaus. Auch k\u00f6nnen wir wesentlich schneller auf technische und fachliche Entwicklungen reagieren als \u00fcbergeordnete Stellen.<\/h3>\n<h3><\/h3>\n<h3 style=\"text-align: center;\">Unb\u00fcrokratische und schnelle Umsetzung von Projekten sind unsere wichtigsten Merkmale.<\/h3>\n","protected":false},"excerpt":{"rendered":"<p>&#8222;Ihre medizinische Versorgung liegt uns am Herzen&#8220; &nbsp; Das bedeutet f\u00fcr uns: &nbsp; Ihre Spende k\u00f6nnte jederzeit Ihnen selbst zu &#8222;Hilfe eilen&#8220;. 100% Ihrer Beitr\u00e4ge und Spenden werden in den Projekten umgesetzt. Alle Aktiven des Vereins arbeiten kostenfrei. Das Ziel unseres Vereins ist die medizinische Versorgung von uns B\u00fcrgern des Schlierach- \/ Leitzachtals in allen [&hellip;]<\/p>\n","protected":false},"author":1,"featured_media":0,"parent":0,"menu_order":0,"comment_status":"closed","ping_status":"closed","template":"page-fullwidth.php","meta":[],"_links":{"self":[{"href":"http:\/\/notarzt-miesbach.spdns.de\/index.php?rest_route=\/wp\/v2\/pages\/28"}],"collection":[{"href":"http:\/\/notarzt-miesbach.spdns.de\/index.php?rest_route=\/wp\/v2\/pages"}],"about":[{"href":"http:\/\/notarzt-miesbach.spdns.de\/index.php?rest_route=\/wp\/v2\/types\/page"}],"author":[{"embeddable":true,"href":"http:\/\/notarzt-miesbach.spdns.de\/index.php?rest_route=\/wp\/v2\/users\/1"}],"replies":[{"embeddable":true,"href":"http:\/\/notarzt-miesbach.spdns.de\/index.php?rest_route=%2Fwp%2Fv2%2Fcomments&post=28"}],"version-history":[{"count":25,"href":"http:\/\/notarzt-miesbach.spdns.de\/index.php?rest_route=\/wp\/v2\/pages\/28\/revisions"}],"predecessor-version":[{"id":390,"href":"http:\/\/notarzt-miesbach.spdns.de\/index.php?rest_route=\/wp\/v2\/pages\/28\/revisions\/390"}],"wp:attachment":[{"href":"http:\/\/notarzt-miesbach.spdns.de\/index.php?rest_route=%2Fwp%2Fv2%2Fmedia&parent=28"}],"curies":[{"name":"wp","href":"https:\/\/api.w.org\/{rel}","templated":true}]}}